its digit of 539662844?
4
What is the thousands digit of 161910669?
0
What is the hundreds digit of 7841962274?
2
What is the thousands digit of 74596945?
6
What is the millions digit of 25218777?
5
What is the hundreds digit of 261650455?
4
What is the hundreds digit of 27528401?
4
What is the tens digit of 699165492?
9
What is the ten millions digit of 40397025?
4
What is the ten millions digit of 362667266?
6
What is the hundreds digit of 50615934?
9
What is the millions digit of 134412006?
4
What is the hundred thousands digit of 53756159?
7
What is the millions digit of 133602121?
3
What is the hundreds digit of 99009951?
9
What is the hundreds digit of 381262596?
5
What is the units digit of 1121024442?
2
What is the ten thousands digit of 4347501052?
0
What is the hundreds digit of 4344602769?
7
What is the thousands digit of 3288680284?
0
What is the thousands digit of 4682683352?
3
What is the hundreds digit of 1539568456?
4
What is the ten thousands digit of 81126988?
2
What is the hundred thousands digit of 124163381?
1
What is the millions digit of 43172992?
3
What is the hundred thousands digit of 281321359?
3
What is the tens digit of 91939387?
8
What is the millions digit of 3370700?
3
What is the ten thousands digit of 5137202305?
0
What is the ten thousands digit of 50283705?
8
What is the millions digit of 42129011?
2
What is the hundreds digit of 3104932?
9
What is the units digit of 11398124?
4
What is the hundred thousands digit of 43783125?
7
What is the ten thousands digit of 943387242?
8
What is the hundred thousands digit of 121970837?
9
What is the hundred thousands digit of 136667641?
6
What is the hundred millions digit of 3648136914?
6
What is the thousands digit of 230711159?
1
What is the ten millions digit of 2919509062?
1
What is the thousands digit of 41060054?
0
What is the millions digit of 575411652?
5
What is the millions digit of 168735862?
8
What is the hundreds digit of 1515541465?
4
What is the hundreds digit of 18938904?
9
What is the ten millions digit of 128583197?
2
What is the ten millions digit of 26844644?
2
What is the millions digit of 866616605?
6
What is the ten millions digit of 36106779?
3
What is the tens digit of 63069803?
0
What is the tens digit of 13613822?
2
What is the ten thousands digit of 72433370?
3
What is the thousands digit of 4724048182?
8
What is the hundreds digit of 2640383457?
4
What is the hundred millions digit of 1875490476?
8
What is the ten thousands digit of 1035159430?
5
What is the thousands digit of 489967936?
7
What is the units digit of 2292169548?
8
What is the units digit of 37653986?
6
What is the millions digit of 884937477?
4
What is the ten millions digit of 18897250?
1
What is the units digit of 6042560?
0
What is the hundred thousands digit of 47394926?
3
What is the ten millions digit of 441529512?
4
What is the hundred millions digit of 381849426?
3
What is the tens digit of 1392927406?
0
What is the ten millions digit of 55044101?
5
What is the hundred thousands digit of 54359579?
3
What is the hundreds digit of 40116481?
4
What is the ten thousands digit of 271924487?
2
What is the tens digit of 1572010591?
9
What is the ten millions digit of 1860778718?
6
What is the units digit of 48479855?
5
What is the millions digit of 482975981?
2
What is the units digit of 6768661?
1
What is the tens digit of 474993572?
7
What is the hundred millions digit of 2145307757?
1
What is the tens digit of 626170060?
6
What is the thousands digit of 1634413166?
3
What is the hundred thousands digit of 13898825?
8
What is the units digit of 1294975342?
2
What is the tens digit of 325426519?
1
What is the thousands digit of 1311847756?
7
What is the millions digit of 1389691261?
9
What is the hundreds digit of 94323839?
8
What is the hundreds digit of 33553693?
6
What is the hundred millions digit of 220373401?
2
What is the units digit of 57647709?
9
What is the tens digit of 341254755?
5
What is the tens digit of 6614969726?
2
What is the ten thousands digit of 673377483?
7
What is the tens digit of 33773454?
5
What is the millions digit of 217007042?
7
What is the millions digit of 222335398?
2
What is the hundreds digit of 85087638?
6
What is the tens digit of 35483659?
5
What is the hundreds digit of 192441261?
2
What is the millions digit of 719869659?
9
What is the ten millions digit of 720550450?
2
What is the hundred thousands digit of 22315841?
3
What is the ten thousands digit of 989402719?
0
What is the hundreds digit of 10909069?
0
What is the hundreds digit of 564016427?
4
What is the tens digit of 343915667?
6
What is the hundred thousands digit of 82601236?
6
What is the units digit of 30420093?
3
What is the thousands digit of 160310561?
0
What is the hundred thousands digit of 28959825?
9
What is the units digit of 1667524600?
0
What is the tens digit of 325214212?
1
What is the thousands digit of 114646421?
6
What is the millions digit of 404813725?
4
What is the hundred thousands digit of 183589914?
5
What is the units digit of 955710?
0
What is the units digit of 3353246497?
7
What is the units digit of 178078956?
6
What is the ten thousands digit of 1872775718?
7
What is the ten thousands digit of 21662507?
6
What is the millions digit of 289668562?
9
What is the hundred millions digit of 149981670?
1
What is the millions digit of 2623109159?
3
What is the tens digit of 66591043?
4
What is the hundreds digit of 5622638780?
7
What is the tens digit of 3085997243?
4
What is the ten millions digit of 345202891?
4
What is the ten thousands digit of 57813085?
1
What is the units digit of 84758056?
6
What is the tens digit of 2120647900?
0
What is the hundreds digit of 47681098?
0
What is the tens digit of 406904599?
9
What is the thousands digit of 226126055?
6
What is the millions digit of 3751454730?
1
What is the millions digit of 945260699?
5
What is the tens digit of 297789026?
2
What is the ten thousands digit of 2909019325?
1
What is the hundreds digit of 12753854?
8
What is the tens digit of 119524382?
8
What is the hundred millions digit of 589995718?
5
What is the hundred thousands digit of 63519108?
5
What is the hundred millions digit of 549019719?
5
What is the hundreds digit of 91959275?
2
What is the ten thousands digit of 219871434?
7
What is the ten millions digit of 144177333?
4
What is the millions digit of 193620281?
3
What is the ten millions digit of 12235287?
1
What is the millions digit of 8873771?
8
What is the hundreds digit of 36335680?
6
What is the ten thousands digit of 17686794?
8
What is the ten millions digit of 425447910?
2
What is the thousands digit of 103943774?
3
What is the tens digit of 261132480?
8
What is the hundred thousands digit of 523319060?
3
What is the thousands digit of 60227236?
7
What is the tens digit of 1646187331?
3
What is the ten thousands digit of 14166802?
6
What is the hundred millions digit of 2124989674?
1
What is the hundred millions digit of 141194627?
1
What is the hundred thousands digit of 41949198?
9
What is the millions digit of 859243719?
9
What is the thousands digit of 673849554?
9
What is the units digit of 48818810?
0
What is the tens digit of 63036227?
2
What is the hundreds digit of 1690184914?
9
What is the hundred millions digit of 608888430?
6
What is the tens digit of 15551039?
3
What is the hundred millions digit of 515545637?
5
What is the hundred millions digit of 2079517226?
0
What is the units digit of 253001653?
3
What is the ten thousands digit of 4953606387?
0
What is the thousands digit of 42935367?
5
What is the ten millions digit of 50499383?
5
What is the ten thousands digit of 4833684?
3
What is the ten thousands digit of 97813281?
1
What is the ten millions digit of 1593238400?
9
What is the hundred millions digit of 123411874?
1
What is the units digit of 3371746503?
3
What is the millions digit of 93446810?
3
What is the hundred millions digit of 1661074797?
6
What is the hundred thousands digit of 45449325?
4
What is the units digit of 372142723?
3
What is the ten thousands digit of 6992272?
9
What is the hundred millions digit of 247111855?
2
What is the units digit of 20373447?
7
What is the ten thousands digit of 1307956961?
5
What is the hundred 